{"id":11,"date":"2023-03-27T16:10:47","date_gmt":"2023-03-27T14:10:47","guid":{"rendered":"https:\/\/biztonsagsoltvadkert.com\/?page_id=11"},"modified":"2023-05-07T13:19:20","modified_gmt":"2023-05-07T11:19:20","slug":"rolunk","status":"publish","type":"page","link":"https:\/\/biztonsagsoltvadkert.com\/index.php\/rolunk\/","title":{"rendered":"R\u00f3lunk"},"content":{"rendered":"\t\t<div data-elementor-type=\"wp-page\" data-elementor-id=\"11\" class=\"elementor elementor-11\">\n\t\t\t\t\t\t\t\t\t<section class=\"elementor-section elementor-top-section elementor-element elementor-element-7ea19c6a elementor-section-boxed elementor-section-height-default elementor-section-height-default tf-sticky-section tf-sticky-no\" data-id=\"7ea19c6a\" data-element_type=\"section\" data-settings=\"{&quot;background_background&quot;:&quot;classic&quot;,&quot;tf_sticky&quot;:&quot;no&quot;}\">\n\t\t\t\t\t\t\t<div class=\"elementor-background-overlay\"><\/div>\n\t\t\t\t\t\t\t<div class=\"elementor-container elementor-column-gap-default\">\n\t\t\t\t\t<div class=\"elementor-column elementor-col-100 elementor-top-column elementor-element elementor-element-fe56a15 animated-slow elementor-invisible\" data-id=\"fe56a15\" data-element_type=\"column\" data-settings=\"{&quot;animation&quot;:&quot;fadeInUp&quot;}\">\n\t\t\t<div class=\"elementor-widget-wrap elementor-element-populated\">\n\t\t\t\t\t\t\t\t<div class=\"elementor-element elementor-element-2cd2441e elementor-widget elementor-widget-text-editor\" data-id=\"2cd2441e\" data-element_type=\"widget\" data-widget_type=\"text-editor.default\">\n\t\t\t\t<div class=\"elementor-widget-container\">\n\t\t\t<style>\/*! elementor - v3.11.5 - 14-03-2023 *\/\n.elementor-widget-text-editor.elementor-drop-cap-view-stacked .elementor-drop-cap{background-color:#818a91;color:#fff}.elementor-widget-text-editor.elementor-drop-cap-view-framed .elementor-drop-cap{color:#818a91;border:3px solid;background-color:transparent}.elementor-widget-text-editor:not(.elementor-drop-cap-view-default) .elementor-drop-cap{margin-top:8px}.elementor-widget-text-editor:not(.elementor-drop-cap-view-default) .elementor-drop-cap-letter{width:1em;height:1em}.elementor-widget-text-editor .elementor-drop-cap{float:left;text-align:center;line-height:1;font-size:50px}.elementor-widget-text-editor .elementor-drop-cap-letter{display:inline-block}<\/style>\t\t\t\t<p>A \u201eBiztons\u00e1g Soltvadkert\u201d Vagyonv\u00e9delmi Kft. jelenlegi form\u00e1j\u00e1ban 2007 \u00f3ta m\u0171k\u00f6dik, f\u0151tev\u00e9kenys\u00e9ge: vagyonv\u00e9delmi rendszerek t\u00e1vfel\u00fcgyelete kivonul\u00f3 szolg\u00e1lattal Soltvadkert \u00e9s vonz\u00e1sk\u00f6rzet\u00e9ben. A piaci ig\u00e9nyekhez igazodva 2023-t\u00f3l b\u0151v\u00edtett\u00fck szolg\u00e1ltat\u00e1saink k\u00f6r\u00e9t, elektronikus vagyonv\u00e9delmi rendszerek telep\u00edt\u00e9se \u00e9s karbantart\u00e1sa tekintet\u00e9ben. A Kft az \u00faj tev\u00e9kenys\u00e9get is saj\u00e1t alkalmazottjaival v\u00e9gzi, ez\u00e1ltal garant\u00e1lhat\u00f3 a legnagyobb diszkr\u00e9ci\u00f3 \u00e9s gyorsas\u00e1g is. Az \u00faj objektumok t\u00e1vfel\u00fcgyeletre t\u00f6rt\u00e9n\u0151 \u00e1tjelz\u00e9se m\u00e1r 2013 janu\u00e1rja \u00f3ta\u00a0 csak a mai viszonylatban is a legkorszer\u0171bb \u00e9s legnagyobb biztons\u00e1got garant\u00e1l\u00f3 mobil h\u00e1l\u00f3zaton t\u00f6rt\u00e9nik ahol GPRS adatcsatorn\u00e1t haszn\u00e1l\u00f3 \u00e1tjelz\u0151k\u00f6n kereszt\u00fcl fogadjuk \u00fcgyfeleink objektumainak jelz\u00e9seit, ide\u00e9rtve a riaszt\u00f3 berendez\u00e9s, id\u0151sv\u00e9delmi seg\u00e9lyh\u00edv\u00f3, vagy ak\u00e1r t\u0171zjelz\u00e9s legyen az sz\u00e1m\u00edt\u00f3g\u00e9pes vagy ak\u00e1r otthoni riaszt\u00f3berendez\u00e9s. 2023-as \u00e9v tov\u00e1bbi m\u00e9rf\u00f6ldk\u0151 is a Kft. \u00e9let\u00e9ben, stabil besz\u00e1ll\u00edt\u00f3i kapcsolatrendszernek k\u00f6sz\u00f6nhet\u0151en saj\u00e1t redun\u00e1ns szerverparkot tudtunk be\u00fczemelni, ahol t\u00f6bbsz\u00f6r\u00f6sen biztos\u00edtott dedik\u00e1lt z\u00e1rt APN\u00a0 kapcsolatokon kereszt\u00fcl val\u00f3sul meg az \u00e1tjelz\u00e9s. Ezzel m\u00e9g nagyobb biztons\u00e1got garant\u00e1lva \u00fcgyfeleink sz\u00e1m\u00e1ra.<\/p>\t\t\t\t\t\t<\/div>\n\t\t\t\t<\/div>\n\t\t\t\t\t<\/div>\n\t\t<\/div>\n\t\t\t\t\t\t\t<\/div>\n\t\t<\/section>\n\t\t\t\t<section class=\"elementor-section elementor-top-section elementor-element elementor-element-6f1b927e elementor-section-content-middle elementor-reverse-tablet elementor-reverse-mobile elementor-section-boxed elementor-section-height-default elementor-section-height-default tf-sticky-section tf-sticky-no\" data-id=\"6f1b927e\" data-element_type=\"section\" data-settings=\"{&quot;tf_sticky&quot;:&quot;no&quot;}\">\n\t\t\t\t\t\t<div class=\"elementor-container elementor-column-gap-default\">\n\t\t\t\t\t<div class=\"elementor-column elementor-col-50 elementor-top-column elementor-element elementor-element-6b9d31c5\" data-id=\"6b9d31c5\" data-element_type=\"column\" data-settings=\"{&quot;background_background&quot;:&quot;classic&quot;}\">\n\t\t\t<div class=\"elementor-widget-wrap elementor-element-populated\">\n\t\t\t\t\t\t\t\t<div class=\"elementor-element elementor-element-1d452436 elementor-widget elementor-widget-spacer\" data-id=\"1d452436\" data-element_type=\"widget\" data-widget_type=\"spacer.default\">\n\t\t\t\t<div class=\"elementor-widget-container\">\n\t\t\t<style>\/*! elementor - v3.11.5 - 14-03-2023 *\/\n.elementor-column .elementor-spacer-inner{height:var(--spacer-size)}.e-con{--container-widget-width:100%}.e-con-inner>.elementor-widget-spacer,.e-con>.elementor-widget-spacer{width:var(--container-widget-width,var(--spacer-size));--align-self:var(--container-widget-align-self,initial);--flex-shrink:0}.e-con-inner>.elementor-widget-spacer>.elementor-widget-container,.e-con-inner>.elementor-widget-spacer>.elementor-widget-container>.elementor-spacer,.e-con>.elementor-widget-spacer>.elementor-widget-container,.e-con>.elementor-widget-spacer>.elementor-widget-container>.elementor-spacer{height:100%}.e-con-inner>.elementor-widget-spacer>.elementor-widget-container>.elementor-spacer>.elementor-spacer-inner,.e-con>.elementor-widget-spacer>.elementor-widget-container>.elementor-spacer>.elementor-spacer-inner{height:var(--container-widget-height,var(--spacer-size))}<\/style>\t\t<div class=\"elementor-spacer\">\n\t\t\t<div class=\"elementor-spacer-inner\"><\/div>\n\t\t<\/div>\n\t\t\t\t<\/div>\n\t\t\t\t<\/div>\n\t\t\t\t\t<\/div>\n\t\t<\/div>\n\t\t\t\t<div class=\"elementor-column elementor-col-50 elementor-top-column elementor-element elementor-element-f4b0a3a\" data-id=\"f4b0a3a\" data-element_type=\"column\">\n\t\t\t<div class=\"elementor-widget-wrap elementor-element-populated\">\n\t\t\t\t\t\t\t\t<div class=\"elementor-element elementor-element-62e79d91 bdt-backdrop-filter-yes elementor-invisible elementor-widget elementor-widget-heading\" data-id=\"62e79d91\" data-element_type=\"widget\" data-settings=\"{&quot;_animation&quot;:&quot;fadeInDown&quot;}\" data-widget_type=\"heading.default\">\n\t\t\t\t<div class=\"elementor-widget-container\">\n\t\t\t<style>\/*! elementor - v3.11.5 - 14-03-2023 *\/\n.elementor-heading-title{padding:0;margin:0;line-height:1}.elementor-widget-heading .elementor-heading-title[class*=elementor-size-]>a{color:inherit;font-size:inherit;line-height:inherit}.elementor-widget-heading .elementor-heading-title.elementor-size-small{font-size:15px}.elementor-widget-heading .elementor-heading-title.elementor-size-medium{font-size:19px}.elementor-widget-heading .elementor-heading-title.elementor-size-large{font-size:29px}.elementor-widget-heading .elementor-heading-title.elementor-size-xl{font-size:39px}.elementor-widget-heading .elementor-heading-title.elementor-size-xxl{font-size:59px}<\/style><h2 class=\"elementor-heading-title elementor-size-default\">A Kft. f\u0151 t\u00f6rekv\u00e9se a magas sz\u00ednvonalon t\u00f6rt\u00e9n\u0151 szolg\u00e1ltat\u00e1s, ennek megfelel\u0151en f\u0151leg az AJAX riaszt\u00f3rendszerek szerepelnek az els\u0151 helyen a prefer\u00e1lt m\u00e1rk\u00e1k k\u00f6z\u00f6tt. Az AJAX riaszt\u00f3rendszerek rengeteg innovat\u00edv megold\u00e1st ny\u00fajtanak, pl: saj\u00e1t t\u0171z, CO, v\u00edzbet\u00f6r\u00e9s, kamer\u00e1s \u00e9rz\u00e9kel\u0151 \u00e9s \u2026., de ide sorolom a saj\u00e1t ingyenes riaszt\u00f3 applik\u00e1ci\u00f3t sok nagyon hasznos ( okos ) funkci\u00f3val. De a legfontosabb az \u00e1tjelz\u00e9s megval\u00f3sul\u00e1sa enn\u00e9l a rendszern\u00e9l 1 de mindenk\u00e9pp 2m\u00e1sodperc alatt megjelenik a t\u00e1vfel\u00fcgyelet\u00fcnk\u00f6n az \u00e1tjelz\u00e9s, szemben a hagyom\u00e1nyos riaszt\u00f3kkal amelyekn\u00e9l t\u00f6bb id\u0151 ak\u00e1r 10-15\u2026 m\u00e1sodperc is eltelik mire megkapjuk a jelz\u00e9st.<\/h2>\t\t<\/div>\n\t\t\t\t<\/div>\n\t\t\t\t\t<\/div>\n\t\t<\/div>\n\t\t\t\t\t\t\t<\/div>\n\t\t<\/section>\n\t\t\t\t<section class=\"elementor-section elementor-top-section elementor-element elementor-element-417d8a41 elementor-section-height-min-height elementor-section-boxed elementor-section-height-default elementor-section-items-middle tf-sticky-section tf-sticky-no\" data-id=\"417d8a41\" data-element_type=\"section\" data-settings=\"{&quot;background_background&quot;:&quot;classic&quot;,&quot;shape_divider_bottom&quot;:&quot;triangle-asymmetrical&quot;,&quot;shape_divider_bottom_negative&quot;:&quot;yes&quot;,&quot;tf_sticky&quot;:&quot;no&quot;}\">\n\t\t\t\t\t\t\t<div class=\"elementor-background-overlay\"><\/div>\n\t\t\t\t\t\t<div class=\"elementor-shape elementor-shape-bottom\" data-negative=\"true\">\n\t\t\t<svg xmlns=\"http:\/\/www.w3.org\/2000\/svg\" viewBox=\"0 0 1000 100\" preserveAspectRatio=\"none\">\n\t<path class=\"elementor-shape-fill\" d=\"M737.9,94.7L0,0v100h1000V0L737.9,94.7z\"\/>\n<\/svg>\t\t<\/div>\n\t\t\t\t\t<div class=\"elementor-container elementor-column-gap-default\">\n\t\t\t\t\t<div class=\"elementor-column elementor-col-100 elementor-top-column elementor-element elementor-element-4802293b\" data-id=\"4802293b\" data-element_type=\"column\">\n\t\t\t<div class=\"elementor-widget-wrap elementor-element-populated\">\n\t\t\t\t\t\t\t\t<div class=\"elementor-element elementor-element-22bf7824 animated-slow elementor-invisible elementor-widget elementor-widget-heading\" data-id=\"22bf7824\" data-element_type=\"widget\" data-settings=\"{&quot;_animation&quot;:&quot;rotateInUpRight&quot;,&quot;_animation_delay&quot;:1100}\" data-widget_type=\"heading.default\">\n\t\t\t\t<div class=\"elementor-widget-container\">\n\t\t\t<h1 class=\"elementor-heading-title elementor-size-default\">Tov\u00e1bbi ok hogy minket b\u00edzzon meg vagyona v\u00e9delm\u00e9vel, hogy a Kft. a Soltvadkert V\u00e1ros \u00d6nkorm\u00e1nyzati T\u0171zolt\u00f3 Parancsnoks\u00e1ga \u00e9p\u00fclet\u00e9ben \u00fczemel ez\u00e9rt gyakorlatilag a t\u0171zolt\u00f3s\u00e1g m\u0171k\u00f6d\u00e9s\u00e9hez is hozz\u00e1j\u00e1rul, nem besz\u00e9lve arr\u00f3l az el\u0151nyr\u0151l, ha p\u00e9ld\u00e1ul a riaszt\u00f3ra kapcsolt T\u0170Z vagy CO jelz\u00e9sr\u0151l a t\u0171zolt\u00f3s\u00e1g is azonnal \u00e9rtes\u00fcl, ez\u00e1ltal s\u00falyos perceket lehet nyerni a T\u0170ZZEL szemben.\nA k\u00f6ztudatban m\u00e9g nem terjedt el az a t\u00e9ny, hogy p\u00e9ld\u00e1ul egy szoba  ak\u00e1r 5-8 perc alatt teljesen ki tud \u00e9gni amennyiben a t\u0171z terjed\u00e9s\u00e9hez megfelel\u0151ek a k\u00f6r\u00fclm\u00e9nyek, ( legt\u00f6bb esetbe megfelel\u0151ek a k\u00f6r\u00fclm\u00e9nyek ) hamar egy \u00e9let munk\u00e1ja tud k\u00e1rba veszni.\nAmennyiben felkeltett\u00fck \u00e9rdekl\u0151d\u00e9s\u00e9t, keressen el\u00e9rhet\u0151s\u00e9geink valamelyik\u00e9n a kapcsolat men\u00fcpont alatt, vagy ak\u00e1r szem\u00e9lyes tal\u00e1lkoz\u00f3 keret\u00e9ben. \n<\/h1>\t\t<\/div>\n\t\t\t\t<\/div>\n\t\t\t\t\t<\/div>\n\t\t<\/div>\n\t\t\t\t\t\t\t<\/div>\n\t\t<\/section>\n\t\t\t\t\t\t\t<\/div>\n\t\t","protected":false},"excerpt":{"rendered":"<p>A \u201eBiztons\u00e1g Soltvadkert\u201d Vagyonv\u00e9delmi Kft. jelenlegi form\u00e1j\u00e1ban 2007 \u00f3ta m\u0171k\u00f6dik, f\u0151tev\u00e9kenys\u00e9ge: vagyonv\u00e9delmi rendszerek t\u00e1vfel\u00fcgyelete kivonul\u00f3 szolg\u00e1lattal Soltvadkert \u00e9s vonz\u00e1sk\u00f6rzet\u00e9ben. A piaci ig\u00e9nyekhez igazodva 2023-t\u00f3l b\u0151v\u00edtett\u00fck szolg\u00e1ltat\u00e1saink k\u00f6r\u00e9t, elektronikus vagyonv\u00e9delmi rendszerek telep\u00edt\u00e9se \u00e9s karbantart\u00e1sa tekintet\u00e9ben. A Kft az \u00faj tev\u00e9kenys\u00e9get is saj\u00e1t alkalmazottjaival v\u00e9gzi, ez\u00e1ltal garant\u00e1lhat\u00f3 a legnagyobb diszkr\u00e9ci\u00f3 \u00e9s gyorsas\u00e1g is. Az \u00faj objektumok t\u00e1vfel\u00fcgyeletre [&hellip;]<\/p>\n","protected":false},"author":1,"featured_media":0,"parent":0,"menu_order":0,"comment_status":"closed","ping_status":"closed","template":"","meta":{"_seopress_robots_primary_cat":""},"_links":{"self":[{"href":"https:\/\/biztonsagsoltvadkert.com\/index.php\/wp-json\/wp\/v2\/pages\/11"}],"collection":[{"href":"https:\/\/biztonsagsoltvadkert.com\/index.php\/wp-json\/wp\/v2\/pages"}],"about":[{"href":"https:\/\/biztonsagsoltvadkert.com\/index.php\/wp-json\/wp\/v2\/types\/page"}],"author":[{"embeddable":true,"href":"https:\/\/biztonsagsoltvadkert.com\/index.php\/wp-json\/wp\/v2\/users\/1"}],"replies":[{"embeddable":true,"href":"https:\/\/biztonsagsoltvadkert.com\/index.php\/wp-json\/wp\/v2\/comments?post=11"}],"version-history":[{"count":61,"href":"https:\/\/biztonsagsoltvadkert.com\/index.php\/wp-json\/wp\/v2\/pages\/11\/revisions"}],"predecessor-version":[{"id":1223,"href":"https:\/\/biztonsagsoltvadkert.com\/index.php\/wp-json\/wp\/v2\/pages\/11\/revisions\/1223"}],"wp:attachment":[{"href":"https:\/\/biztonsagsoltvadkert.com\/index.php\/wp-json\/wp\/v2\/media?parent=11"}],"curies":[{"name":"wp","href":"https:\/\/api.w.org\/{rel}","templated":true}]}}